{"id":333,"date":"2014-07-28T09:44:46","date_gmt":"2014-07-28T09:44:46","guid":{"rendered":"http:\/\/www.sinkeli.net\/?page_id=333"},"modified":"2021-07-07T16:35:30","modified_gmt":"2021-07-07T16:35:30","slug":"acerca-de-mi-1","status":"publish","type":"page","link":"http:\/\/www.sinkeli.net\/?page_id=333","title":{"rendered":"Acerca de mi"},"content":{"rendered":"\n<div class=\"wp-block-group\"><div class=\"wp-block-group__inner-container is-layout-flow wp-block-group-is-layout-flow\">\n<div class=\"wp-block-columns is-layout-flex wp-container-core-columns-is-layout-9d6595d7 wp-block-columns-is-layout-flex\">\n<div class=\"wp-block-column is-layout-flow wp-block-column-is-layout-flow\">\n<p style=\"font-size:14px\">     Yo estaba convencido de que iba a ser dibujante de c\u00f3mics. Sin embargo, un d\u00eda en el invierno del 94, sufr\u00ed un accidente\u2026.tropec\u00e9 y me ca\u00ed encima de mi tarta de cumplea\u00f1os justo cuando estaba a punto de soplar las velas mientras los planetas se alineaban coincidiendo con un eclipse lunar\u2026.Entonces comprend\u00ed que ese tartazo en la cara iba a cambiar mi vida para siempre.<\/p>\n\n\n\n<p style=\"font-size:14px\">     Casi no tuve tiempo de quitarme el merengue de la cara&#8230;.. ese mismo a\u00f1o empec\u00e9 a realizar pasacalles con diferentes compa\u00f1\u00edas (Zacatraca, Creativo Imprevisible, Trotamundos, Animasur, etc.).<\/p>\n<\/div>\n\n\n\n<div class=\"wp-block-column is-layout-flow wp-block-column-is-layout-flow\">\n<p class=\"has-text-align-center\" style=\"font-size:18px\"><img loading=\"lazy\" decoding=\"async\" width=\"300\" height=\"256\" class=\"wp-image-589\" style=\"width: 300px;\" src=\"http:\/\/www.sinkeli.net\/wp-content\/uploads\/2021\/07\/sombrero1.jpg\" alt=\"\" srcset=\"http:\/\/www.sinkeli.net\/wp-content\/uploads\/2021\/07\/sombrero1.jpg 766w, http:\/\/www.sinkeli.net\/wp-content\/uploads\/2021\/07\/sombrero1-300x256.jpg 300w, http:\/\/www.sinkeli.net\/wp-content\/uploads\/2021\/07\/sombrero1-620x529.jpg 620w\" sizes=\"auto, (max-width: 300px) 100vw, 300px\" \/><\/p>\n<\/div>\n<\/div>\n<\/div><\/div>\n\n\n\n<p style=\"font-size:14px\">    En el 96 vi en mi ciudad los primeros espect\u00e1culos de calle. En Ja\u00e9n era algo totalmente rompedor (Cia. Carambola, Antol\u00edo, Paco Pacolmo, \u2026.); se abr\u00eda un mundo nuevo para mi, lleno de posibilidades\u2026 As\u00ed que fascinado por este descubrimiento y arropado por mi aficci\u00f3n a los malabares me anim\u00e9 a salir a la calle a probar.<span style=\"font-size: 14px; color: #000000;\">&nbsp;<\/span><span style=\"color: #000000; font-size: 14px;\">&nbsp;&nbsp; <\/span><\/p>\n\n\n\n<div class=\"wp-block-media-text alignwide is-stacked-on-mobile\" style=\"grid-template-columns:15% auto\"><figure class=\"wp-block-media-text__media\"><img loading=\"lazy\" decoding=\"async\" width=\"514\" height=\"820\" src=\"http:\/\/www.sinkeli.net\/wp-content\/uploads\/2021\/07\/globo-1.jpg\" alt=\"\" class=\"wp-image-583 size-full\" srcset=\"http:\/\/www.sinkeli.net\/wp-content\/uploads\/2021\/07\/globo-1.jpg 514w, http:\/\/www.sinkeli.net\/wp-content\/uploads\/2021\/07\/globo-1-188x300.jpg 188w\" sizes=\"auto, (max-width: 514px) 100vw, 514px\" \/><\/figure><div class=\"wp-block-media-text__content\">\n<p><span style=\"color: #000000; font-size: 14px;\">&nbsp;&nbsp; &nbsp;&nbsp; Siguiendo el m\u00e9todo de ensayo \u2013 error y aprendiendo de las reacciones del p\u00fablico, empiezo a darle forma a mis primeros espect\u00e1culos. A partir de aqu\u00ed la calle se convierte en mi laboratorio de creaci\u00f3n, en mi sala de ensayo, en mi escuela, \u2026.<\/span><\/p>\n\n\n\n<p>    <span style=\"color: #000000; font-size: 14px;\">Desde 2004 a 2009 me embarco en <em>La Mona y el Boquer\u00f3n,<\/em> un espacio experimental de circo y teatro en Granada donde se han gestado muchos de mis n\u00fameros.<\/span><\/p>\n<\/div><\/div>\n\n\n\n<p><span style=\"color: #000000; font-size: 14px;\">     En 2005 creo \u201c<em>Como una cabra<\/em>\u201d, parodia del cl\u00e1sico espect\u00e1culo de la cabra, en el que mi personaje se va definiendo cada vez m\u00e1s y empieza a tomar mayor presencia sobre la t\u00e9cnica circense.<\/span><\/p>\n\n\n\n<div class=\"wp-block-media-text alignwide has-media-on-the-right is-stacked-on-mobile\" style=\"grid-template-columns:auto 15%\"><figure class=\"wp-block-media-text__media\"><img loading=\"lazy\" decoding=\"async\" width=\"462\" height=\"746\" src=\"http:\/\/www.sinkeli.net\/wp-content\/uploads\/2021\/07\/globo-2.jpg\" alt=\"\" class=\"wp-image-584 size-full\" srcset=\"http:\/\/www.sinkeli.net\/wp-content\/uploads\/2021\/07\/globo-2.jpg 462w, http:\/\/www.sinkeli.net\/wp-content\/uploads\/2021\/07\/globo-2-186x300.jpg 186w\" sizes=\"auto, (max-width: 462px) 100vw, 462px\" \/><\/figure><div class=\"wp-block-media-text__content\">\n<p><span style=\"color: #000000; font-size: 14px;\"> En 2007 empiezo a trabajar junto a Emmanuelle Chateaux. Creamos el <em>Circo Badaboum<\/em>, un proyecto en el que abandono la palabra apostando por el lenguaje gestual.<\/span><\/p>\n\n\n\n<p>     <span style=\"color: #000000; font-size: 14px;\">M\u00e1s tarde, alimentado por esta \u00faltima experiencia, me lanzo a profundizar en la comunicaci\u00f3n no verbal form\u00e1ndome en la t\u00e9cnica del mimo en la Escuela Internacional de Circo y Teatro CAU de Granada, con Manolo Carambolas.<\/span><span style=\"font-size: 14px; color: #000000;\"><\/span><\/p>\n<\/div><\/div>\n\n\n\n<p><span style=\"color: #000000; font-size: 14px;\">&nbsp;&nbsp; En 2012 recupero la cuerda floja, una disciplina con la que ya hab\u00eda flirteado a\u00f1os atr\u00e1s. Para depurar mi t\u00e9cnica recibo clases de la mano de V\u00edctor S\u00e1nchez (Circovito) en el CAU. Fruto de ese trabajo nace el espect\u00e1culo \u201c<i>TeAcuerdas?<\/i>\u201d. Un show lleno de las excentricidades y los delirios de un personaje que ya bien asentado se permite una alta dosis de interacci\u00f3n con el p\u00fablico e improvisaci\u00f3n. Empiezo a girar con este espect\u00e1culo en 2013 por Espa\u00f1a, Francia y Alemania. En mayo de 2014 gano el Primer Premio del VII Trebu Festival.<\/span><\/p>\n\n\n\n<div class=\"wp-block-columns is-layout-flex wp-container-core-columns-is-layout-9d6595d7 wp-block-columns-is-layout-flex\">\n<div class=\"wp-block-column is-layout-flow wp-block-column-is-layout-flow\">\n<div class=\"wp-block-image\"><figure class=\"aligncenter size-large is-resized\"><img loading=\"lazy\" decoding=\"async\" src=\"http:\/\/www.sinkeli.net\/wp-content\/uploads\/2021\/07\/globo-3.jpg\" alt=\"\" class=\"wp-image-591\" width=\"120\" height=\"174\" srcset=\"http:\/\/www.sinkeli.net\/wp-content\/uploads\/2021\/07\/globo-3.jpg 543w, http:\/\/www.sinkeli.net\/wp-content\/uploads\/2021\/07\/globo-3-206x300.jpg 206w\" sizes=\"auto, (max-width: 120px) 100vw, 120px\" \/><\/figure><\/div>\n<\/div>\n<\/div>\n","protected":false},"excerpt":{"rendered":"<p>Yo estaba convencido de que iba a ser dibujante de c\u00f3mics. Sin embargo, un d\u00eda en el invierno del 94, sufr\u00ed un accidente\u2026.tropec\u00e9 y me ca\u00ed encima de mi tarta de cumplea\u00f1os justo cuando estaba a punto de soplar las velas mientras los planetas se alineaban coincidiendo con un eclipse lunar\u2026.Entonces comprend\u00ed que ese tartazo [&hellip;]<\/p>\n","protected":false},"author":1,"featured_media":0,"parent":0,"menu_order":0,"comment_status":"closed","ping_status":"closed","template":"","meta":{"footnotes":""},"class_list":["post-333","page","type-page","status-publish","hentry"],"_links":{"self":[{"href":"http:\/\/www.sinkeli.net\/index.php?rest_route=\/wp\/v2\/pages\/333","targetHints":{"allow":["GET"]}}],"collection":[{"href":"http:\/\/www.sinkeli.net\/index.php?rest_route=\/wp\/v2\/pages"}],"about":[{"href":"http:\/\/www.sinkeli.net\/index.php?rest_route=\/wp\/v2\/types\/page"}],"author":[{"embeddable":true,"href":"http:\/\/www.sinkeli.net\/index.php?rest_route=\/wp\/v2\/users\/1"}],"replies":[{"embeddable":true,"href":"http:\/\/www.sinkeli.net\/index.php?rest_route=%2Fwp%2Fv2%2Fcomments&post=333"}],"version-history":[{"count":20,"href":"http:\/\/www.sinkeli.net\/index.php?rest_route=\/wp\/v2\/pages\/333\/revisions"}],"predecessor-version":[{"id":593,"href":"http:\/\/www.sinkeli.net\/index.php?rest_route=\/wp\/v2\/pages\/333\/revisions\/593"}],"wp:attachment":[{"href":"http:\/\/www.sinkeli.net\/index.php?rest_route=%2Fwp%2Fv2%2Fmedia&parent=333"}],"curies":[{"name":"wp","href":"https:\/\/api.w.org\/{rel}","templated":true}]}}

<div class="wp-block-group"><div class="wp-block-group__inner-container is-layout-flow wp-block-group-is-layout-flow">
<div class="wp-block-columns is-layout-flex wp-container-core-columns-is-layout-9d6595d7 wp-block-columns-is-layout-flex">
<div class="wp-block-column is-layout-flow wp-block-column-is-layout-flow">
<p style="font-size:14px">     Yo estaba convencido de que iba a ser dibujante de cómics. Sin embargo, un día en el invierno del 94, sufrí un accidente….tropecé y me caí encima de mi tarta de cumpleaños justo cuando estaba a punto de soplar las velas mientras los planetas se alineaban coincidiendo con un eclipse lunar….Entonces comprendí que ese tartazo en la cara iba a cambiar mi vida para siempre.</p>



<p style="font-size:14px">     Casi no tuve tiempo de quitarme el merengue de la cara&#8230;.. ese mismo año empecé a realizar pasacalles con diferentes compañías (Zacatraca, Creativo Imprevisible, Trotamundos, Animasur, etc.).</p>
</div>



<div class="wp-block-column is-layout-flow wp-block-column-is-layout-flow">
<p class="has-text-align-center" style="font-size:18px"><img loading="lazy" decoding="async" width="300" height="256" class="wp-image-589" style="width: 300px;" src="http://www.sinkeli.net/wp-content/uploads/2021/07/sombrero1.jpg" alt="" srcset="http://www.sinkeli.net/wp-content/uploads/2021/07/sombrero1.jpg 766w, http://www.sinkeli.net/wp-content/uploads/2021/07/sombrero1-300x256.jpg 300w, http://www.sinkeli.net/wp-content/uploads/2021/07/sombrero1-620x529.jpg 620w" sizes="auto, (max-width: 300px) 100vw, 300px" /></p>
</div>
</div>
</div></div>



<p style="font-size:14px">    En el 96 vi en mi ciudad los primeros espectáculos de calle. En Jaén era algo totalmente rompedor (Cia. Carambola, Antolío, Paco Pacolmo, ….); se abría un mundo nuevo para mi, lleno de posibilidades… Así que fascinado por este descubrimiento y arropado por mi aficción a los malabares me animé a salir a la calle a probar.<span style="font-size: 14px; color: #000000;">&nbsp;</span><span style="color: #000000; font-size: 14px;">&nbsp;&nbsp; </span></p>



<div class="wp-block-media-text alignwide is-stacked-on-mobile" style="grid-template-columns:15% auto"><figure class="wp-block-media-text__media"><img loading="lazy" decoding="async" width="514" height="820" src="http://www.sinkeli.net/wp-content/uploads/2021/07/globo-1.jpg" alt="" class="wp-image-583 size-full" srcset="http://www.sinkeli.net/wp-content/uploads/2021/07/globo-1.jpg 514w, http://www.sinkeli.net/wp-content/uploads/2021/07/globo-1-188x300.jpg 188w" sizes="auto, (max-width: 514px) 100vw, 514px" /></figure><div class="wp-block-media-text__content">
<p><span style="color: #000000; font-size: 14px;">&nbsp;&nbsp; &nbsp;&nbsp; Siguiendo el método de ensayo – error y aprendiendo de las reacciones del público, empiezo a darle forma a mis primeros espectáculos. A partir de aquí la calle se convierte en mi laboratorio de creación, en mi sala de ensayo, en mi escuela, ….</span></p>



<p>    <span style="color: #000000; font-size: 14px;">Desde 2004 a 2009 me embarco en <em>La Mona y el Boquerón,</em> un espacio experimental de circo y teatro en Granada donde se han gestado muchos de mis números.</span></p>
</div></div>



<p><span style="color: #000000; font-size: 14px;">     En 2005 creo “<em>Como una cabra</em>”, parodia del clásico espectáculo de la cabra, en el que mi personaje se va definiendo cada vez más y empieza a tomar mayor presencia sobre la técnica circense.</span></p>



<div class="wp-block-media-text alignwide has-media-on-the-right is-stacked-on-mobile" style="grid-template-columns:auto 15%"><figure class="wp-block-media-text__media"><img loading="lazy" decoding="async" width="462" height="746" src="http://www.sinkeli.net/wp-content/uploads/2021/07/globo-2.jpg" alt="" class="wp-image-584 size-full" srcset="http://www.sinkeli.net/wp-content/uploads/2021/07/globo-2.jpg 462w, http://www.sinkeli.net/wp-content/uploads/2021/07/globo-2-186x300.jpg 186w" sizes="auto, (max-width: 462px) 100vw, 462px" /></figure><div class="wp-block-media-text__content">
<p><span style="color: #000000; font-size: 14px;"> En 2007 empiezo a trabajar junto a Emmanuelle Chateaux. Creamos el <em>Circo Badaboum</em>, un proyecto en el que abandono la palabra apostando por el lenguaje gestual.</span></p>



<p>     <span style="color: #000000; font-size: 14px;">Más tarde, alimentado por esta última experiencia, me lanzo a profundizar en la comunicación no verbal formándome en la técnica del mimo en la Escuela Internacional de Circo y Teatro CAU de Granada, con Manolo Carambolas.</span><span style="font-size: 14px; color: #000000;"></span></p>
</div></div>



<p><span style="color: #000000; font-size: 14px;">&nbsp;&nbsp; En 2012 recupero la cuerda floja, una disciplina con la que ya había flirteado años atrás. Para depurar mi técnica recibo clases de la mano de Víctor Sánchez (Circovito) en el CAU. Fruto de ese trabajo nace el espectáculo “<i>TeAcuerdas?</i>”. Un show lleno de las excentricidades y los delirios de un personaje que ya bien asentado se permite una alta dosis de interacción con el público e improvisación. Empiezo a girar con este espectáculo en 2013 por España, Francia y Alemania. En mayo de 2014 gano el Primer Premio del VII Trebu Festival.</span></p>



<div class="wp-block-columns is-layout-flex wp-container-core-columns-is-layout-9d6595d7 wp-block-columns-is-layout-flex">
<div class="wp-block-column is-layout-flow wp-block-column-is-layout-flow">
<div class="wp-block-image"><figure class="aligncenter size-large is-resized"><img loading="lazy" decoding="async" src="http://www.sinkeli.net/wp-content/uploads/2021/07/globo-3.jpg" alt="" class="wp-image-591" width="120" height="174" srcset="http://www.sinkeli.net/wp-content/uploads/2021/07/globo-3.jpg 543w, http://www.sinkeli.net/wp-content/uploads/2021/07/globo-3-206x300.jpg 206w" sizes="auto, (max-width: 120px) 100vw, 120px" /></figure></div>
</div>
</div>

<p>Yo estaba convencido de que iba a ser dibujante de cómics. Sin embargo, un día en el invierno del 94, sufrí un accidente….tropecé y me caí encima de mi tarta de cumpleaños justo cuando estaba a punto de soplar las velas mientras los planetas se alineaban coincidiendo con un eclipse lunar….Entonces comprendí que ese tartazo [&hellip;]</p>
